 2*u + 10. Let l be b(5). Calculate the highest common divisor of l and 60.
30
Suppose -4*m + m + 12 = 0. Suppose a - m = -a. Suppose a*w - w - 33 = 0. What is the highest common factor of 22 and w?
11
Suppose 2*k = -4*s + 9894, -4*s - 3*k + 5*k = -9882. Suppose -5*i = s - 6047. Suppose -2*w + i = 3*w. What is the highest common divisor of w and 13?
13
Let l be 1 + (-2)/2 - -99. Calculate the highest common divisor of l and 11.
11
Let o(y) = -y**2 - 7*y + 13. Let w be o(-9). Let s = 5 - w. Calculate the greatest common factor of 10 and s.
10
Suppose -4*u + 3*n + 0*n + 69 = 0, u + 2*n - 31 = 0. Let h be (-2)/(((-20)/126)/5). What is the highest common divisor of h and u?
21
Let r(p) = p**3 + 12*p**2 + 13*p + 13. Let t be r(-11). Let k = t + 16. Let v(n) = 3*n - 9. Let y be v(k). Calculate the highest common factor of 84 and y.
12
Suppose 0 = 8*o - 5*o - 48. Calculate the greatest common divisor of o and 40.
8
Let i(a) be the third derivative of a**4/12 - a**3 + 2*a**2. Let r be i(5). Suppose 23 = -r*h + 99. What is the greatest common factor of 152 and h?
19
Let h = -2 + 8. What is the highest common factor of h and 2?
2
Let y(c) = -c**3 - c**2 + 7*c + 4. Let r(x) = -2*x - 13. Let t be r(-4). Let v be y(t). What is the highest common divisor of 46 and v?
23
Let y be ((-5)/2)/(3/6). Let g(c) = -c**2 - 6*c - 4. Let o be g(y). Let v be 2/5 + 92/20. What is the greatest common factor of o and v?
1
Let o(l) = 2*l**2 - 8*l + 3. Let h be o(5). What is the highest common factor of h and 143?
13
Suppose h = -42 + 119. Let o = 13 - 21. Let d(b) = b + 19. Let z be d(o). Calculate the greatest common factor of z and h.
11
Suppose -q + 4*q - 279 = 0. Suppose -l + 57 = 2*r, -2*l - 7 = 3*r - q. What is the greatest common factor of 70 and r?
14
Let a = -253 + 422. Suppose -2*j + 21 + a = -2*o, -5*o = -4*j + 385. What is the greatest common divisor of j and 10?
10
Suppose 2*h - 5*h = -390. Suppose 350 = 3*s - h. Calculate the highest common factor of s and 20.
20
Suppose f - 4*f + 54 = 0. Calculate the highest common divisor of f and 9.
9
Suppose -g + 26 = g. Let c = -2 + 5. Suppose -c*b + 97 = -4*l + 3, -5*b + l = -134. Calculate the highest common factor of b and g.
13
Let u(i) = -i**2 - 5*i + 1. Let k be u(-5). Suppose p = 4 - 0. Suppose 0*a - p*a = -12. What is the greatest common divisor of a and k?
1
Let o(v) be the third derivative of -v**4/6 - v**2. Let y be o(-3). Calculate the greatest common divisor of y and 2.
2
Let o(x) = -16*x + 28. Let m be o(1). Suppose -6*n + 664 = -3*n - z, 1104 = 5*n - z. Suppose 3*d + 40 = n. Calculate the highest common divisor of d and m.
12
Suppose 4*j = 33 + 63. Suppose -8 = 4*h - j. Suppose 8 = -h*a, -4*f = 4*a - 9*a - 14. What is the highest common divisor of 9 and f?
1
Let n(u) = -32*u - 4. Let z be n(-2). Calculate the greatest common factor of 20 and z.
20
Let j(a) = -a + 2. Let o(b) = b**2 - b - 3. Let c be o(0). Let h be j(c). Calculate the highest common divisor of h and 20.
5
Suppose 14*m - 105 = 11*m. What is the highest common divisor of m and 28?
7
Let h be 1/(-2)*(-8)/(-2). Let d be 0 - (-2 - -1) - h. Suppose -76 = -d*v - q, 3*q = 2*q - 2. What is the highest common factor of v and 65?
13
Suppose h = 3*s - 10 + 21, 5*s + 9 = -3*h. Suppose -16 = h*b - 4*b. Calculate the greatest common factor of b and 1.
1
Let o(n) = n**3 - 14*n**2 + 16*n - 31. Let b be o(13). Let t(y) = y**3 + 5*y**2 - 6*y + 1. Let u be t(-6). What is the greatest common divisor of b and u?
1
Let m be (-2)/(-3) + (-714)/(-9). Suppose 2*t + 18 = 4*i, t = 3*i - 9 - 3. Suppose -14 = -i*o + 10. What is the greatest common factor of m and o?
8
Suppose -2*j + 4*j - 68 = 0. What is the greatest common divisor of j and 51?
17
Suppose -x = -2*h + 25, 2 - 60 = -5*h + x. Let z = h + -7. Calculate the highest common factor of z and 4.
4
Suppose -3*v = -t + 8, -v = t - 3*v - 8. Calculate the highest common divisor of t and 2.
2
Let y(r) = r**3 + 5*r**2 - 8*r - 6. Let t be y(-6). Let a be t/4 + (-2)/4. Let c be 174 - (1/a + -3). Calculate the highest common factor of c and 16.
16
Let q = 36 - 28. Let z = 3 - -13. Calculate the greatest common divisor of q and z.
8
Let b(d) be the second derivative of d**4/12 + d**3/6 + d**2 + 4*d. Let a be b(-3). What is the greatest common factor of 2 and a?
2
Suppose -248 = 5*j - 828. Suppose 38 - j = -3*v. Calculate the highest common factor of v and 39.
13
Let r(m) = 9*m**2 - 5*m + 5. Let i be r(2). Calculate the highest common factor of i and 124.
31
Suppose 0*o = -o + 6. Suppose -21 + o = -3*g. What is the greatest common factor of g and 5?
5
Let o be ((-27)/15)/(15/(-100)). What is the greatest common factor of o and 30?
6
Suppose -2*y + 3*y = 3. Suppose -4*t + y*t = 150. Let b be t/(-9) - (-2)/(-3). What is the greatest common divisor of b and 144?
16
Suppose 3*p = 84 - 18. Calculate the greatest common divisor of p and 55.
11
Suppose -11 = -t - 3*x, 0*x + 14 = 4*t + 2*x. What is the greatest common factor of 1 and t?
1
Suppose p + w + w - 3 = 0, 5*p + 5*w - 40 = 0. Let z = -23 + p. Let l(x) = x**2 + 7*x. Let t be l(z). Calculate the greatest common divisor of t and 6.
6
Let g(c) = -c**2 - 12*c - 15. Let w(k) = k**3 + 5*k**2 - 6*k - 6. Let z be w(-6). Let i be g(z). Calculate the greatest common factor of i and 42.
21
Let w(i) = -i - 1. Let d be w(-9). Let y be 3/(-1) + 3 + 8. What is the greatest common divisor of d and y?
8
Let v(i) = i**3 + 2*i**2 - 5*i - 5. Let s be v(-3). Let c(o) = o - 2. Let p be c(6). What is the greatest common factor of s and p?
1
Suppose -48 = 5*m - m. Let p be 16*((-27)/m + -2). Calculate the greatest common factor of 20 and p.
4
Let a = -29 - -44. Calculate the highest common divisor of a and 150.
15
Let i(h) = -h**3 + 10*h**2 + 23*h + 22. Let t be i(12). Calculate the highest common divisor of 6 and t.
2
Let x = 16 + -4. Let a(w) = -w - 7. Let s(k) = k**3 - 8*k**2 - 9*k - 13. Let l be s(9). Let i be a(l). What is the highest common factor of x and i?
6
Let z = 10 + -10. Suppose z = t + t - 5*r - 49, -2*t + 37 = -r. Suppose 2*y = 215 + 23. Calculate the highest common factor of y and t.
17
Let q = -26 - -39. Let b = -291 - -408. What is the highest common divisor of q and b?
13
Let q be (-10)/35 + 480/14. Suppose -4*b + 100 = -3*i + i, q = b - 5*i. What is the highest common divisor of 12 and b?
12
Let s(r) = r**2 + 6*r - 5. Let z be s(-10). Calculate the highest common divisor of 10 and z.
5
Suppose 3*k = z, -5*z - k = -3*z - 14. Suppose z*p = p + 40. Suppose -a - 64 - 17 = -5*g, 1 = -a. What is the highest common divisor of g and p?
8
Suppose 0 = 3*h - 3*r, -7*h + 3*h - 5*r = 0. Suppose -3*t = -h*t - 504. What is the greatest common divisor of 21 and t?
21
Let x be (-2)/2 + 2 + 0. Let m = 2 + x. Let p be (-4)/m*(-114)/4. What is the greatest common factor of 57 and p?
19
Let f be 120/(-14)*42/(-4). What is the greatest common factor of 135 and f?
45
Let d = -292 - -462. Suppose -3*s + 283 = -5*v, -3*v - d = -s - s. Let a = 86 + v. Calculate the highest common factor of a and 6.
6
Let l(t) = t**2 - 5*t + 2. Suppose 0 = 4*w + 5 - 25. Let v be l(w). Let u = -29 + 43. What is the highest common divisor of v and u?
2
Suppose -5*l - 103 = -4*j, -2*l + 6*l - 85 = -3*j. Calculate the highest common divisor of 9 and j.
9
Suppose 2 = -i + 4. Suppose i*b - 4 = -2. What is the greatest common divisor of 7 and b?
1
Suppose 6*b - 285 = b. Let z = -9 + -9. Let v = z + b. What is the greatest common divisor of v and 26?
13
Let t(v) = -49*v + 3. Let q be t(-1). Calculate the greatest common divisor of q and 26.
26
Let r(s) = 16*s - 16. Let d be r(10). Calculate the highest common divisor of d and 36.
36
Let u be (16/(-12))/(1/(-78)). Suppose -y - 3*i - 39 = 2*y, 4*y - 3*i + 45 = 0. Let b be (-82)/(-6) - (-8)/y. What is the greatest common factor of b and u?
13
Suppose 8 = -4*w + 2*w. Let s = w + 12. Suppose -3*i + a = -101, -2*a = -i + 2*i - 22. What is the greatest common divisor of i and s?
8
Suppose 0 = s + q - 8, -41 = -5*s - 2*q - 10. Let u = s + 0. Suppose 4*a - 28 = -2*i - 0*i, -4*a = i - 24. Calculate the highest common divisor of a and u.
5
Let c = -23 - -47. Suppose -l + 3*l = 120. What is the greatest common factor of l and c?
12
Suppose 0 = -2*n - 10, -5*q + 2*n - n = -80. What is 